+ 1, 4*p - 13 = -3*u. Let m = s + p. Let k(w) = w**3 + w**2 - w - 8. What is k(m)?
-8
Let m(h) = h**3 + 4*h**2 - 5*h. Let i(x) = -x**2 + 10*x + 19. Let s be i(12). Give m(s).
0
Let a be (1 - -6) + 3 + -1. Suppose a = -2*g - g. Let v(t) = -5*t**2 - 11*t - 7. Let j(z) = 14*z**2 + 32*z + 20. Let b(o) = -4*j(o) - 11*v(o). Give b(g).
9
Let c(z) = z**3 + 6*z**2 + 4*z + 5. Suppose 5*x + 3*f + 13 = -0*x, x = 5*f - 25. Calculate c(x).
10
Suppose -4*n + 1 = 9. Let s be 3*(1 + n/6). Let j(t) = -t**2 + t + 1. Give j(s).
-1
Let v(c) = -c**3 + 4*c**2 + 5*c + 6. Let b(m) = -m**3 - 4*m**2 - 2*m + 3. Let u be b(-4). Let o be -1 + -1 + u - 2. Let p = 12 - o. Give v(p).
6
Let g(a) = 82 + 7*a - 36 - 45. Calculate g(3).
22
Let p(w) be the third derivative of -w**5/60 - w**4/6 - w**3/3 - 7*w**2. Let c be (-14)/3 - 1/3. Give p(c).
-7
Let v(y) = -2*y + 4. Suppose 44 = -5*c - 2*d, 5*c + 0*d + 5*d = -50. Let s = -4 - c. Suppose 10 = s*u - 2. What is v(u)?
-2
Let v(w) = 8*w. Let k be v(-1). Let u be ((-15)/12)/((-2)/k). Let n(p) = p**3 + 4*p**2 - 4*p + 6. Determine n(u).
1
Let v = 33 + -2. Let z(j) = -35*j**2 - j**3 + j + v*j**2 - 2 + 2*j**3. Let b be 3/(6*1/8). Calculate z(b).
2
Suppose -4*n + 10 = -10. Let d be 38/266 + ((-20)/(-7) - -1). Let l(m) = 4*m**2 - n*m**2 - 2*m**2 + 5 - d. Give l(2).
-11
Let r(y) = -y**2 + 8*y - 1. Let v be r(7). Let f(x) = x - 3 + 4*x - v*x - 5. Calculate f(-8).
0
Let q(j) = j**3 + j**2 + 2. Suppose 2 = 3*i - m, 5*i - i - 21 = 5*m. Let b = 1 + i. Suppose 3*s = -b*s. Determine q(s).
2
Let w(q) = -3*q**3 + 2*q**2 - q. Let o be 1 - (-3 + (0 - 0)). Let c = -1 - -1. Suppose -3*f - 1 + o = c. Calculate w(f).
-2
Let f = -8 + 8. Let y(b) = b**3 - b**2 - b + 7. Calculate y(f).
7
Let g(s) = s - 2. Let l be 12/4*(-3 - -2). Let r = l - -8. Give g(r).
3
Let n = 12 - 7. Let j = 0 - n. Let b(f) = f. Give b(j).
-5
Let q(i) = 1. Let c(t) = -3*t + 5. Let j(h) = c(h) - 4*q(h). What is j(-3)?
10
Let j(p) = -p**3 + 4*p**2 + 3*p + 6. Let o be (4 + 68/(-12))*-3. What is j(o)?
-4
Let f(d) be the first derivative of -2*d**2 + d**2 - 2 + 3 - 3*d + 0*d. What is f(3)?
-9
Let f(c) = -c**2 - 4*c - 2. Let q be f(-4). Let z be 2/q*(0 + 1). Let y(w) be the second derivative of -w**3/6 + 3*w. What is y(z)?
1
Let u(b) = 2*b**2 + 4*b + 2. Suppose -5*w = -0*w + 10. Determine u(w).
2
Let z(a) = -a**3 + 3*a**2 + 6*a - 6. Let v be z(4). Let s(c) = -2*c**3 + 2*c**2 + 1. What is s(v)?
-7
Let q(m) be the second derivative of m**3/6 - 2*m**2 + 6*m. Determine q(4).
0
Let v be 5*(4 - 2)/2. Let i(r) be the first derivative of -r**2/2 + r - 131. What is i(v)?
-4
Let f(b) = b**3 + 4*b**2 + 4*b + 2. Let h be f(-3). Let u(l) = 4*l**3 - 2*l - 1. Calculate u(h).
-3
Let s = 1 - 7. Let c(x) = -7*x**2 + 3*x - 6. Let t(j) = 15*j**2 - 7*j + 13. Let r(q) = s*t(q) - 13*c(q). Calculate r(-3).
0
Let k(f) be the first derivative of f**3/3 - 3*f**2 - 2*f + 23. Determine k(6).
-2
Let c = 80 + -479/6. Let f(k) be the second derivative of 0*k**4 + k**2 - k + c*k**3 + 0 - 1/20*k**5. What is f(-2)?
8
Let w(d) = 15 + 6*d - 40 + 24. Determine w(1).
5
Let m(n) = n - 5. Let u be m(11). Let s(l) = l**2 - 6*l - 4. What is s(u)?
-4
Let p(t) = -t**3 + 14*t**2 - 11*t**2 - 4*t**2 + t - 20 + 14 + 5. Let x be 1/(-2) - 5/(-2). What is p(x)?
-11
Let o = 36 + -17. Let s = -13 + o. Let q(h) = h**2 - 6*h - 4. Let z be q(s). Let d(x) = -x**3 - 3*x**2 + 3*x - 5. Determine d(z).
-1
Suppose 4*p + 8 = 5*o, -5*p = -5*o - 4 + 14. Let j(q) = -4*q - 1. Calculate j(p).
7
Let y be 4/(-6)*(-135)/(-18). Let s(w) = w - 1. Let u(g) = 2*g - 1. Let k(a) = 8*s(a) - 5*u(a). Give k(y).
7
Let j(g) = -g**3 + 4*g**2 - g + 2. Let y be (-9)/6*(-8)/1. Let a be y/(-60) + (-11)/(-5). What is j(a)?
8
Let p be (2*2)/((-8)/44). Let r = p - -25. Let c(q) = q**2 - 4. What is c(r)?
5
Let l(j) be the first derivative of 3*j**2/2 + 25. What is l(-1)?
-3
Let l(w) = 3*w - 9. Let j = 25 - 20. Calculate l(j).
6
Suppose 40 = -4*u - 4*w, 2*u + w - 1 = -17. Let a = -10 - u. Let b(m) be the third derivative of m**6/120 + m**5/15 - m**4/12 - m**3/3 - 2*m**2. Give b(a).
6
Let s be (2 + -10)*1*-2. Let c be s/3 + 3/(-9). Suppose d + 4*d - c = 0. Let g(k) = -k**3 - 2*k + 1. Determine g(d).
-2
Let p = -1 - -3. Let u be (5 - 9)/(2/p). Let x = -2 - u. Let v(y) = -2*y + 1. Calculate v(x).
-3
Let q(d) = -d**3 + d**2 + 2. Suppose 2 = -k - 3*h + 17, -h = -4. Suppose 12 = 6*s - k*s. Let w be (-1)/(-3 + s)*0. Determine q(w).
2
Let c = -47 + 48. Let m(g) = -4*g - 1 - 7*g + g + 2*g. Give m(c).
-9
Let z(o) = 4*o + 5. Let f(k) = k. Suppose 0 = -2*g + 5 - 7. Let v(s) = g*z(s) + 2*f(s). What is v(-6)?
7
Let g = -1 + 1. Let i(b) = -4*b + g*b + 0*b + 2*b - 3. Let v = -4 - -1. What is i(v)?
3
Let x(n) be the second derivative of n**6/120 + n**5/60 + n**4/24 + 5*n**3/3 + 3*n**2 + 5*n. Let i(q) be the first derivative of x(q). Determine i(0).
10
Let r(g) = -4 + 7*g - g**2 - 1 + 0*g. Suppose 0 = -y + 5 - 0. What is r(y)?
5
Let b(i) = i**3 - i**2 - i + 1. Let a = 12 - 22. Let l be ((-10)/(-25))/(2/a). Determine b(l).
-9
Suppose 3 = -2*h - 3. Suppose 4*c - 6*c + 6 = 0. Let f(s) = -4 + s + 0*s + 7*s**2 + s**c + 0*s - 4*s**2. What is f(h)?
-7
Let c(a) = a + 1. Let x be 3*20/36*3. What is c(x)?
6
Let n(f) = 2*f. Suppose -o + 25 = -5*s - 4, -27 = 5*s - 3*o. Let j = s - -1. Give n(j).
-10
Let z(i) = 2*i**3 + 8*i**2 - 7*i. Let a(h) = h**3 + 7*h**2 - 6*h. Let o(c) = 3*a(c) - 2*z(c). Suppose 0 = 2*f + 10 - 30. Suppose f = 5*m - 5. What is o(m)?
6
Let k(p) be the first derivative of -p**6/120 + p**5/12 + p**4/3 - 7*p**3/6 - 11*p**2/2 - 11. Let a(u) be the second derivative of k(u). Give a(6).
5
Let p(h) = 2 - 7 + h + 0. Let q = -436 - -429. Give p(q).
-12
Let d(r) = -3*r + 5. Let s = -37 + 32. What is d(s)?
20
Let a = -1 - -2. Let t be 1/(-1*(-2)/8). Let m(k) = -1 + 3*k + 4*k - t*k. Determine m(a).
2
Let p(t) = t**3 + 5*t**2 + 5*t + 2. Let s be -2 - (-21)/(3 - 0). Suppose 4*o - x + 12 = -s, -5*o - 5*x - 15 = 0. Calculate p(o).
-2
Let p(s) = s**2 - 2*s - 2. Let r(x) = x**2 - 3*x + 3. Let h be r(2). Let c = -1 + h. Suppose 2*l + 2*l - 16 = c. What is p(l)?
6
Let q be (4/(-7))/((-10)/35). Let a(x) = -x**3 + 3*x - 1. Calculate a(q).
-3
Let s(y) = -y**2 + 2*y + 3. Suppose -4*g + m + 2 = -7*g, 3*g = -2*m + 2. Calculate s(g).
-5
Let w(x) = 2*x + 7. Let v(n) = 3*n + 11. Let z(u) = -5*v(u) + 8*w(u). Calculate z(-5).
-4
Let l(g) = -g**2 + 16*g - 25. Let p be l(14). Let t(y) = 3*y + 4. Give t(p).
13
Let m(b) = 2*b**2 + 5*b - 3. Let c be m(-5). Let t = -17 + c. Let w(o) = -o - 1. Let d(i) = 4*i + 12. Let q(y) = d(y) + 6*w(y). Give q(t).
-4
Let j(r) = r**3 - 7*r**2 + 4*r + 2. Let m be ((180/16)/5)/((-6)/(-16)). What is j(m)?
-10
Let f be -2 + 0/(0 - 3). Let y(a) = -3*a**3 - 2*a**2. Calculate y(f).
16
Suppose 19 = 7*q - 9. Let g(h) = -2*h - 6. Let i(c) = -3*c - 11. Let p(x) = -5*g(x) + 3*i(x). What is p(q)?
1
Let q(a) = -7*a. Let p(k) = k - 3*k + 10*k - 2*k. Let z(g) = 6*p(g) + 5*q(g). Give z(3).
3
Let a(u) = -u**2 - 5*u + 5. Let z(m) = 2*m - 3*m - 4 - 2 + 1. Let c be z(0). Calculate a(c).
5
Let p(r) = -r**2 - 9*r - 6. Let u be p(-6). Suppose -3*d + 7 = -2*d - 5*g, 3*d - 21 = -4*g. Let f = u - d. Let b(i) = i**3 - 4*i**2 - 5*i + 4. Give b(f).
4
Suppose -4 = 4*y + 4. Let q(z) = -4*z**2 + 6*z + 2 + 3*z**2 - 2*z**2. Let s(a) = -a**2 + a. Let p(h) = q(h) - 5*s(h). Calculate p(y).
8
Let l(w) = 2*w. Suppose 0 = -2*u - 5*a - 4 - 0, 0 = -4*u + a + 14. Determine l(u).
6
Let q(t) be the second derivative of 0 - 1/6*t**3 + 1/3*t**4 - 5*t**2 - t - 1/4*t**5. Let o(p) = -6*p**3 + 4*p**2 - 11. Let z(c) = 6*o(c) - 7*q(c). Give z(-5).
-6
Let u(m) = m**3 + 5*m**2 + 6*m + 5. Let w(d) = d**3 + 5*d**2 - 5. Let h be w(-5). Suppose -l + 8 = -3*l. Let j be (l/h)/(5/(-25)). Calculate u(j).
-3
Let u be 6/((-12)/4)*-1. Let t(d) = 3 - u + 4*d + 7*d**2 - 2*d. Calculate t(-1).
6
Let p(i) = -i**3 - 5*i**2 - 5*i - 6. Suppose 2*f + 8 = 5*y, -3*y + 6*y - 20 = 5*f. What is p(f)?
-2
Suppose -5*h = -4*h. Let v(t) be the third derivative of t**3 - 1/20*t**5 + 7/24*t**4 - 1/120*t**6 + h*t + 0 + 3*t**2. What is v(-4)?
-6
Let h(q) be the first derivative of -1/20*q**5 + q + 1/2*q**2 - 2 + 0*q**3 - 1/12*q**4. Let l(o) be the first derivative of h(o). Calculate l(0).
1
Let o(t) = -t**2 + 7*t + 6. Let a = 16 + -9. Calculate o(a).
6
Let c = 7 - 3. Let x(j) 